{"id":413,"date":"2015-11-01T23:05:38","date_gmt":"2015-11-02T02:05:38","guid":{"rendered":"http:\/\/www.nochebuenaparatodos.com.ar\/?page_id=413"},"modified":"2025-10-07T23:25:22","modified_gmt":"2025-10-08T02:25:22","slug":"solicitud-de-armado-de-caja","status":"publish","type":"page","link":"https:\/\/nochebuenaparatodos.org\/wp2\/como-sumarse\/solicitud-de-armado-de-caja\/","title":{"rendered":"Solicitud de armado de cajas"},"content":{"rendered":"<p>Para armar una caja recibir\u00e1n un mail de las coordinadoras que ya les asignaron a\u00f1os anteriores.<\/p>\n<p>Si no recib\u00eds el mail pod\u00e9s solicitar una caja completando este formulario:<\/p>\n<p><a href=\"https:\/\/forms.gle\/6ryeMPo7P1i6UsjS8\" target=\"_blank\" rel=\"noopener\"><strong><span style=\"color: #3366ff;\">Formulario de solicitud de cajas<\/span><\/strong><\/a><\/p>\n<p>Recuerden que al hacerlo se comprometen a armar una caja navide\u00f1a y entregarla en el Centro Costa Salguero de la Ciudad de Buenos Aires, el domingo 14 de diciembre de 9 a 16 horas. No se suspende por lluvia.<\/p>\n<p><span style=\"font-size: revert;\">Muchas gracias<\/span><\/p>\n<p style=\"text-align: center;\">\n","protected":false},"excerpt":{"rendered":"<p>Para armar una caja recibir\u00e1n un mail de las coordinadoras que ya les asignaron a\u00f1os anteriores. Si no recib\u00eds el mail pod\u00e9s solicitar una caja completando este formulario: Formulario de solicitud de cajas Recuerden que al hacerlo se comprometen a armar una caja navide\u00f1a y entregarla en el Centro Costa Salguero de la Ciudad de [&hellip;]<\/p>\n","protected":false},"author":1,"featured_media":0,"parent":52,"menu_order":0,"comment_status":"closed","ping_status":"closed","template":"","meta":{"site-sidebar-layout":"default","site-content-layout":"","ast-site-content-layout":"default","site-content-style":"default","site-sidebar-style":"default","ast-global-header-display":"","ast-banner-title-visibility":"","ast-main-header-display":"","ast-hfb-above-header-display":"","ast-hfb-below-header-display":"","ast-hfb-mobile-header-display":"","site-post-title":"","ast-breadcrumbs-content":"","ast-featured-img":"","footer-sml-layout":"","theme-transparent-header-meta":"","adv-header-id-meta":"","stick-header-meta":"","header-above-stick-meta":"","header-main-stick-meta":"","header-below-stick-meta":"","astra-migrate-meta-layouts":"set","ast-page-background-enabled":"default","ast-page-background-meta":{"desktop":{"background-color":"var(--ast-global-color-4)","background-image":"","background-repeat":"repeat","background-position":"center center","background-size":"auto","background-attachment":"scroll","background-type":"","background-media":"","overlay-type":"","overlay-color":"","overlay-opacity":"","overlay-gradient":""},"tablet":{"background-color":"","background-image":"","background-repeat":"repeat","background-position":"center center","background-size":"auto","background-attachment":"scroll","background-type":"","background-media":"","overlay-type":"","overlay-color":"","overlay-opacity":"","overlay-gradient":""},"mobile":{"background-color":"","background-image":"","background-repeat":"repeat","background-position":"center center","background-size":"auto","background-attachment":"scroll","background-type":"","background-media":"","overlay-type":"","overlay-color":"","overlay-opacity":"","overlay-gradient":""}},"ast-content-background-meta":{"desktop":{"background-color":"var(--ast-global-color-5)","background-image":"","background-repeat":"repeat","background-position":"center center","background-size":"auto","background-attachment":"scroll","background-type":"","background-media":"","overlay-type":"","overlay-color":"","overlay-opacity":"","overlay-gradient":""},"tablet":{"background-color":"var(--ast-global-color-5)","background-image":"","background-repeat":"repeat","background-position":"center center","background-size":"auto","background-attachment":"scroll","background-type":"","background-media":"","overlay-type":"","overlay-color":"","overlay-opacity":"","overlay-gradient":""},"mobile":{"background-color":"var(--ast-global-color-5)","background-image":"","background-repeat":"repeat","background-position":"center center","background-size":"auto","background-attachment":"scroll","background-type":"","background-media":"","overlay-type":"","overlay-color":"","overlay-opacity":"","overlay-gradient":""}},"footnotes":""},"class_list":["post-413","page","type-page","status-publish","hentry"],"_links":{"self":[{"href":"https:\/\/nochebuenaparatodos.org\/wp2\/wp-json\/wp\/v2\/pages\/413","targetHints":{"allow":["GET"]}}],"collection":[{"href":"https:\/\/nochebuenaparatodos.org\/wp2\/wp-json\/wp\/v2\/pages"}],"about":[{"href":"https:\/\/nochebuenaparatodos.org\/wp2\/wp-json\/wp\/v2\/types\/page"}],"author":[{"embeddable":true,"href":"https:\/\/nochebuenaparatodos.org\/wp2\/wp-json\/wp\/v2\/users\/1"}],"replies":[{"embeddable":true,"href":"https:\/\/nochebuenaparatodos.org\/wp2\/wp-json\/wp\/v2\/comments?post=413"}],"version-history":[{"count":18,"href":"https:\/\/nochebuenaparatodos.org\/wp2\/wp-json\/wp\/v2\/pages\/413\/revisions"}],"predecessor-version":[{"id":969,"href":"https:\/\/nochebuenaparatodos.org\/wp2\/wp-json\/wp\/v2\/pages\/413\/revisions\/969"}],"up":[{"embeddable":true,"href":"https:\/\/nochebuenaparatodos.org\/wp2\/wp-json\/wp\/v2\/pages\/52"}],"wp:attachment":[{"href":"https:\/\/nochebuenaparatodos.org\/wp2\/wp-json\/wp\/v2\/media?parent=413"}],"curies":[{"name":"wp","href":"https:\/\/api.w.org\/{rel}","templated":true}]}}