{"id":50,"date":"2012-12-30T16:12:27","date_gmt":"2012-12-30T19:12:27","guid":{"rendered":"http:\/\/www.musicasinprejuicios.com.ar\/?page_id=50"},"modified":"2025-09-29T19:48:33","modified_gmt":"2025-09-29T22:48:33","slug":"las-cajas","status":"publish","type":"page","link":"https:\/\/nochebuenaparatodos.org\/wp2\/como-sumarse\/las-cajas\/","title":{"rendered":"Contenido de las cajas"},"content":{"rendered":"<p style=\"text-align: justify;\"><strong>LO ESENCIAL DE LA CAJA<\/strong><\/p>\n<p style=\"text-align: justify;\">No te olvides de incluir en tu caja CARTAS de tu familia donde puedan tambi\u00e9n compartir lo que les toc\u00f3 vivir en este a\u00f1o, TARJETAS DE NAVIDAD, DIBUJOS DE LOS CHICOS, etc. Las familias tienen mucha necesidad de conocernos, teniendo en cuenta que nosotros sabemos de ellos.<\/p>\n<p style=\"text-align: justify;\">Es muy importante que las cajas est\u00e9n MUY BIEN DECORADAS, FORRADAS CON PAPELES NAVIDE\u00d1OS, CON MO\u00d1OS, ETC. Y que le coloques el R\u00d3TULO que te indique la Coordinadora que te asigne tu familia. Tambi\u00e9n que tengas en cuenta que no puede haber m\u00e1s de UNA CAJA\/BULTO por familia y que la caja est\u00e9 muy bien reforzada para que no se desfonde.<\/p>\n<p style=\"text-align: justify;\"><strong>CONTENIDO DE LA CAJA<\/strong><\/p>\n<div class=\"_2cuy _3dgx _2vxa\" style=\"text-align: justify;\"><span style=\"text-decoration: underline;\"><em><span class=\"_4yxo\">Lista de Alimentos:<\/span><\/em><\/span><\/div>\n<ul>\n<li>Aceite (1 litro)<\/li>\n<li>Arroz (1 kilo)<\/li>\n<li>At\u00fan (2 latas)<\/li>\n<li>Az\u00facar (1 kilo)<\/li>\n<li>Budines (2)<\/li>\n<li>Caldos (caja x 6)<\/li>\n<li>Dulce de leche (1 kilo)<\/li>\n<li>Duraznos en alm\u00edbar (2 latas)<\/li>\n<li>Fideos mostacholes (1 Kilo)<\/li>\n<li>Fideos Soperos (1 Kilo)<\/li>\n<li>Galletitas dulces. (2 paquetes)<\/li>\n<li>Galletitas saladas (2 paquetes)<\/li>\n<li>Garrapi\u00f1adas (2 paquetes)<\/li>\n<li>Harina 0000 (1 kilo)<\/li>\n<li>Jardinera (2 latas)<\/li>\n<li>Jugos en sobres (5 sobres)<\/li>\n<li>Leche larga vida (2 litros)<\/li>\n<li>Lentejas (400 grs.)<\/li>\n<li>Mayonesa (500 grs.)<\/li>\n<li>Pan dulce (1)<\/li>\n<li>Pat\u00e9 (2 latas)<\/li>\n<li>Pionono (1)<\/li>\n<li>Polenta (500 grs.)<\/li>\n<li>Queso rallado (150 grs.)<\/li>\n<li>Salsa tipo filetto\/tuco (2 latas)<\/li>\n<li>Turrones (2)<\/li>\n<li>Yerba (1 kilo)<\/li>\n<li><span style=\"font-weight: 400;\">Adicionales: art\u00edculos de higiene \/ limpieza, ropa blanca, \u00fatiles escolares \/ mantel, servilletas\u00a0 con motivos navide\u00f1os \/ cacao \/ caramelos<\/span><\/li>\n<li><strong>NO\u00a0incluir envases de vidrio ni bebidas alcoh\u00f3licas, ni alcohol (de ning\u00fan tipo), ni lavandina<\/strong><\/li>\n<\/ul>\n<p style=\"text-align: justify;\">No olvidemos que la idea es preparar una verdadera cena navide\u00f1a, como la que todos tenemos esa noche en nuestra mesa. Sabemos que hay muchos ingredientes y que la caja es costosa.<\/p>\n<p style=\"text-align: justify;\">Los animamos a juntarse entre varios (vecinos, amigos, familiares o compa\u00f1eros de trabajo) para que el men\u00fa est\u00e9 completo y no falte nada en la mesa de Nochebuena de los que menos tienen.<\/p>\n<p style=\"text-align: justify;\">No queremos que nadie deje de ser parte de este Gesto de Amor.<\/p>\n<p style=\"text-align: justify;\">TAMBIEN INCLUI REGALOS PARA LA FAMILIA O SUS INTEGRANTES<\/p>\n<p style=\"text-align: justify;\">Por sobre todo muchas cartas, dibujos y juguetitos; o todo lo que imagines que podr\u00e1 sorprender a quien reciba tu caja.<\/p>\n<p style=\"text-align: justify;\">(El contenido de la comida est\u00e1 calculado para una familia de 5 integrantes.\u00a0 En caso de que la familia sea m\u00e1s numerosa, se debe hacer el c\u00e1lculo para asegurar que la comida sea suficiente.)<\/p>\n<p><img loading=\"lazy\" decoding=\"async\" class=\"wp-image-714 size-full aligncenter\" src=\"https:\/\/nochebuenaparatodos.org\/wp2\/wp-content\/uploads\/2022\/10\/Armado.jpg\" alt=\"\" width=\"720\" height=\"1040\" srcset=\"https:\/\/nochebuenaparatodos.org\/wp2\/wp-content\/uploads\/2022\/10\/Armado.jpg 720w, https:\/\/nochebuenaparatodos.org\/wp2\/wp-content\/uploads\/2022\/10\/Armado-208x300.jpg 208w, https:\/\/nochebuenaparatodos.org\/wp2\/wp-content\/uploads\/2022\/10\/Armado-709x1024.jpg 709w\" sizes=\"auto, (max-width: 720px) 100vw, 720px\" \/><\/p>\n","protected":false},"excerpt":{"rendered":"<p>LO ESENCIAL DE LA CAJA No te olvides de incluir en tu caja CARTAS de tu familia donde puedan tambi\u00e9n compartir lo que les toc\u00f3 vivir en este a\u00f1o, TARJETAS DE NAVIDAD, DIBUJOS DE LOS CHICOS, etc. Las familias tienen mucha necesidad de conocernos, teniendo en cuenta que nosotros sabemos de ellos. Es muy importante [&hellip;]<\/p>\n","protected":false},"author":1,"featured_media":0,"parent":52,"menu_order":0,"comment_status":"closed","ping_status":"closed","template":"","meta":{"site-sidebar-layout":"default","site-content-layout":"","ast-site-content-layout":"default","site-content-style":"default","site-sidebar-style":"default","ast-global-header-display":"","ast-banner-title-visibility":"","ast-main-header-display":"","ast-hfb-above-header-display":"","ast-hfb-below-header-display":"","ast-hfb-mobile-header-display":"","site-post-title":"","ast-breadcrumbs-content":"","ast-featured-img":"","footer-sml-layout":"","theme-transparent-header-meta":"","adv-header-id-meta":"","stick-header-meta":"","header-above-stick-meta":"","header-main-stick-meta":"","header-below-stick-meta":"","astra-migrate-meta-layouts":"set","ast-page-background-enabled":"default","ast-page-background-meta":{"desktop":{"background-color":"var(--ast-global-color-4)","background-image":"","background-repeat":"repeat","background-position":"center center","background-size":"auto","background-attachment":"scroll","background-type":"","background-media":"","overlay-type":"","overlay-color":"","overlay-opacity":"","overlay-gradient":""},"tablet":{"background-color":"","background-image":"","background-repeat":"repeat","background-position":"center center","background-size":"auto","background-attachment":"scroll","background-type":"","background-media":"","overlay-type":"","overlay-color":"","overlay-opacity":"","overlay-gradient":""},"mobile":{"background-color":"","background-image":"","background-repeat":"repeat","background-position":"center center","background-size":"auto","background-attachment":"scroll","background-type":"","background-media":"","overlay-type":"","overlay-color":"","overlay-opacity":"","overlay-gradient":""}},"ast-content-background-meta":{"desktop":{"background-color":"var(--ast-global-color-5)","background-image":"","background-repeat":"repeat","background-position":"center center","background-size":"auto","background-attachment":"scroll","background-type":"","background-media":"","overlay-type":"","overlay-color":"","overlay-opacity":"","overlay-gradient":""},"tablet":{"background-color":"var(--ast-global-color-5)","background-image":"","background-repeat":"repeat","background-position":"center center","background-size":"auto","background-attachment":"scroll","background-type":"","background-media":"","overlay-type":"","overlay-color":"","overlay-opacity":"","overlay-gradient":""},"mobile":{"background-color":"var(--ast-global-color-5)","background-image":"","background-repeat":"repeat","background-position":"center center","background-size":"auto","background-attachment":"scroll","background-type":"","background-media":"","overlay-type":"","overlay-color":"","overlay-opacity":"","overlay-gradient":""}},"footnotes":""},"class_list":["post-50","page","type-page","status-publish","hentry"],"_links":{"self":[{"href":"https:\/\/nochebuenaparatodos.org\/wp2\/wp-json\/wp\/v2\/pages\/50","targetHints":{"allow":["GET"]}}],"collection":[{"href":"https:\/\/nochebuenaparatodos.org\/wp2\/wp-json\/wp\/v2\/pages"}],"about":[{"href":"https:\/\/nochebuenaparatodos.org\/wp2\/wp-json\/wp\/v2\/types\/page"}],"author":[{"embeddable":true,"href":"https:\/\/nochebuenaparatodos.org\/wp2\/wp-json\/wp\/v2\/users\/1"}],"replies":[{"embeddable":true,"href":"https:\/\/nochebuenaparatodos.org\/wp2\/wp-json\/wp\/v2\/comments?post=50"}],"version-history":[{"count":11,"href":"https:\/\/nochebuenaparatodos.org\/wp2\/wp-json\/wp\/v2\/pages\/50\/revisions"}],"predecessor-version":[{"id":957,"href":"https:\/\/nochebuenaparatodos.org\/wp2\/wp-json\/wp\/v2\/pages\/50\/revisions\/957"}],"up":[{"embeddable":true,"href":"https:\/\/nochebuenaparatodos.org\/wp2\/wp-json\/wp\/v2\/pages\/52"}],"wp:attachment":[{"href":"https:\/\/nochebuenaparatodos.org\/wp2\/wp-json\/wp\/v2\/media?parent=50"}],"curies":[{"name":"wp","href":"https:\/\/api.w.org\/{rel}","templated":true}]}}