{"id":52,"date":"2012-12-30T16:12:52","date_gmt":"2012-12-30T16:12:52","guid":{"rendered":"http:\/\/www.musicasinprejuicios.com.ar\/?page_id=52"},"modified":"2025-10-07T23:22:57","modified_gmt":"2025-10-08T02:22:57","slug":"como-sumarse","status":"publish","type":"page","link":"https:\/\/nochebuenaparatodos.org\/wp2\/como-sumarse\/","title":{"rendered":"C\u00f3mo sumarse"},"content":{"rendered":"<p style=\"text-align: justify;\"><strong><span style=\"text-decoration: underline;\">Todos tenemos algo para aportar<\/span><\/strong><\/p>\n<p style=\"text-align: justify;\">De acuerdo a nuestras aptitudes, nuestra creatividad y nuestra disponibilidad de tiempo. \u00abNochebuena para Todos\u00bb lo hacemos entre todos!<\/p>\n<p style=\"text-align: justify;\">\u00bfQuer\u00e9s sumarte como voluntario\/a a este proyecto? Tenemos para ofrecer diversas alternativas para que participes.<\/p>\n<p style=\"text-align: justify;\"><strong><span style=\"text-decoration: underline;\">Necesitamos tu colaboraci\u00f3n para:<\/span><\/strong><\/p>\n<p style=\"text-align: justify;\">-La promoci\u00f3n y difusi\u00f3n del proyecto.<\/p>\n<p style=\"text-align: justify;\">-La recepci\u00f3n de Cajas el Domingo 14 de diciembre en el Centro Costa Salguero.<\/p>\n<p style=\"text-align: justify;\">-Aportar fletes\u00a0 para el transporte de las cajas desde Centro Costa Salguero hasta sus respectivos destinos.<\/p>\n<p style=\"text-align: justify;\">-Colaborar con la impresi\u00f3n de material gr\u00e1fico.<\/p>\n<p style=\"text-align: justify;\">-Quienes puedan ofrecer carritos para movilizar las cajas en el Centro Costa Salguero.<\/p>\n<p style=\"text-align: justify;\">-Quienes quieran aportar algo a este proyecto.<\/p>\n<p>Si quer\u00e9s participar como voluntario\/a te pedimos que por favor completes este formulario.<\/p>\n<p><a href=\"https:\/\/forms.gle\/JgdnB75A63CuGkP7A\" target=\"_blank\" rel=\"noopener\"><strong><span style=\"color: #3366ff;\">Formulario para anotarse como voluntario<\/span><\/strong><\/a><\/p>\n\n","protected":false},"excerpt":{"rendered":"<p>Todos tenemos algo para aportar De acuerdo a nuestras aptitudes, nuestra creatividad y nuestra disponibilidad de tiempo. \u00abNochebuena para Todos\u00bb lo hacemos entre todos! \u00bfQuer\u00e9s sumarte como voluntario\/a a este proyecto? Tenemos para ofrecer diversas alternativas para que participes. Necesitamos tu colaboraci\u00f3n para: -La promoci\u00f3n y difusi\u00f3n del proyecto. -La recepci\u00f3n de Cajas el Domingo [&hellip;]<\/p>\n","protected":false},"author":1,"featured_media":0,"parent":0,"menu_order":0,"comment_status":"closed","ping_status":"closed","template":"","meta":{"site-sidebar-layout":"default","site-content-layout":"","ast-site-content-layout":"default","site-content-style":"default","site-sidebar-style":"default","ast-global-header-display":"","ast-banner-title-visibility":"","ast-main-header-display":"","ast-hfb-above-header-display":"","ast-hfb-below-header-display":"","ast-hfb-mobile-header-display":"","site-post-title":"","ast-breadcrumbs-content":"","ast-featured-img":"","footer-sml-layout":"","theme-transparent-header-meta":"","adv-header-id-meta":"","stick-header-meta":"","header-above-stick-meta":"","header-main-stick-meta":"","header-below-stick-meta":"","astra-migrate-meta-layouts":"set","ast-page-background-enabled":"default","ast-page-background-meta":{"desktop":{"background-color":"var(--ast-global-color-4)","background-image":"","background-repeat":"repeat","background-position":"center center","background-size":"auto","background-attachment":"scroll","background-type":"","background-media":"","overlay-type":"","overlay-color":"","overlay-opacity":"","overlay-gradient":""},"tablet":{"background-color":"","background-image":"","background-repeat":"repeat","background-position":"center center","background-size":"auto","background-attachment":"scroll","background-type":"","background-media":"","overlay-type":"","overlay-color":"","overlay-opacity":"","overlay-gradient":""},"mobile":{"background-color":"","background-image":"","background-repeat":"repeat","background-position":"center center","background-size":"auto","background-attachment":"scroll","background-type":"","background-media":"","overlay-type":"","overlay-color":"","overlay-opacity":"","overlay-gradient":""}},"ast-content-background-meta":{"desktop":{"background-color":"var(--ast-global-color-5)","background-image":"","background-repeat":"repeat","background-position":"center center","background-size":"auto","background-attachment":"scroll","background-type":"","background-media":"","overlay-type":"","overlay-color":"","overlay-opacity":"","overlay-gradient":""},"tablet":{"background-color":"var(--ast-global-color-5)","background-image":"","background-repeat":"repeat","background-position":"center center","background-size":"auto","background-attachment":"scroll","background-type":"","background-media":"","overlay-type":"","overlay-color":"","overlay-opacity":"","overlay-gradient":""},"mobile":{"background-color":"var(--ast-global-color-5)","background-image":"","background-repeat":"repeat","background-position":"center center","background-size":"auto","background-attachment":"scroll","background-type":"","background-media":"","overlay-type":"","overlay-color":"","overlay-opacity":"","overlay-gradient":""}},"footnotes":""},"class_list":["post-52","page","type-page","status-publish","hentry"],"_links":{"self":[{"href":"https:\/\/nochebuenaparatodos.org\/wp2\/wp-json\/wp\/v2\/pages\/52","targetHints":{"allow":["GET"]}}],"collection":[{"href":"https:\/\/nochebuenaparatodos.org\/wp2\/wp-json\/wp\/v2\/pages"}],"about":[{"href":"https:\/\/nochebuenaparatodos.org\/wp2\/wp-json\/wp\/v2\/types\/page"}],"author":[{"embeddable":true,"href":"https:\/\/nochebuenaparatodos.org\/wp2\/wp-json\/wp\/v2\/users\/1"}],"replies":[{"embeddable":true,"href":"https:\/\/nochebuenaparatodos.org\/wp2\/wp-json\/wp\/v2\/comments?post=52"}],"version-history":[{"count":17,"href":"https:\/\/nochebuenaparatodos.org\/wp2\/wp-json\/wp\/v2\/pages\/52\/revisions"}],"predecessor-version":[{"id":967,"href":"https:\/\/nochebuenaparatodos.org\/wp2\/wp-json\/wp\/v2\/pages\/52\/revisions\/967"}],"wp:attachment":[{"href":"https:\/\/nochebuenaparatodos.org\/wp2\/wp-json\/wp\/v2\/media?parent=52"}],"curies":[{"name":"wp","href":"https:\/\/api.w.org\/{rel}","templated":true}]}}